= 2*x - 4*a, -2204 = -2*x - s*a + 4*a. What is the thousands digit of x?
1
Let f be 50/30*(1 - -2). Suppose y = -y - 8, 0 = -f*l - 3*y + 573. What is the tens digit of l?
1
Let w(r) = -168*r**3 + 5*r**2 - 6*r - 80. What is the thousands digit of w(-5)?
1
Let g(o) = -5*o**3 + 5*o**2 + 4*o - 6. What is the hundreds digit of g(-6)?
2
Let t be (-322)/184 - (-4694)/8. Suppose 295*c = 296*c - t. What is the units digit of c?
5
Let d(a) = 4*a + 38. Suppose 4*v = -16, -2*v = 3*w + 2*v + 40. What is the units digit of d(w)?
6
What is the ten thousands digit of (28629/(-2))/((3/(-8))/((-273)/(-364)))?
2
What is the thousands digit of (-772980)/(-24) - (38/20 + (-75)/(-125))?
2
Suppose 0 = -p + x + 6, 0 = 3*p - 46*x + 47*x - 6. Suppose 0 = -3*g - 0*g + p*n + 3447, 3*n = 5*g - 5751. What is the units digit of g?
2
Suppose 5*z + 45 = -220. Let d = 54 + z. Suppose r + 4 = h - d, 5*r = -h - 1. What is the units digit of h?
4
Suppose -6*i = 9*s - 14*s + 59079, -3*s + 5*i = -35446. What is the thousands digit of s?
1
Suppose 3*m = -3*c + 15, 6*c - c - m = 7. Let r(d) = d**c - 8 + 4*d**2 - d**3 + 77*d - 69*d. What is the units digit of r(6)?
4
Suppose 34*a - 44670 = 71406. What is the thousands digit of a?
3
Let s(o) = -208*o + 3086. What is the thousands digit of s(-19)?
7
Let d = -142 + 139. Let y(h) = h**2 + 8*h + 17. Let s be y(d). Suppose 0 = s*c + 5*c - 1967. What is the hundreds digit of c?
2
Suppose 12235 = 2*x - 4*h - 8419, 24 = -4*h. What is the units digit of x?
5
Let f = 7120 - -6490. What is the hundreds digit of f?
6
Suppose 4*k + 42 = 102. Suppose 0 = k*v - 6460 - 920. What is the hundreds digit of v?
4
What is the units digit of 15/(-3) - (-9 + -12164)?
8
Let x(r) = 2*r**2 - 43*r - 38. Let k be x(23). Suppose -v + k = a, 3*v + 9 = 2*a - 38. What is the tens digit of a?
2
Let g = 8711 - 7155. What is the tens digit of g?
5
Suppose 126188 = 4*x - 589*n + 585*n, 3*x - 94627 = n. What is the thousands digit of x?
1
Let p(x) = 5*x**2 - 8*x + 14. Let n be -98*(-1)/2 - -3. Let w = 57 - n. What is the tens digit of p(w)?
9
Let q(z) = -z**3 + 34*z**2 - 56*z - 161. What is the hundreds digit of q(23)?
3
Let n(q) = 3*q - 32. Let m(v) = -4*v + 32. Let r(a) = -5*m(a) - 6*n(a). Let z be r(-13). Let i(h) = h**3 - 4*h**2 - 7*h + 14. What is the units digit of i(z)?
4
Let o = -425 - -567. Let u = o - -530. What is the units digit of u?
2
Let g(c) = c**3 - 21*c**2 + c - 16. Let y be g(21). Suppose 0 + 5 = y*x. What is the tens digit of 4 + 63 - (-4)/((-4)/x)?
6
Let j = -56 + 61. What is the hundreds digit of (45/10 - j)*-239*2?
2
Let k be -4*(-15)/(-9)*-3. Suppose z = s + 2*s + 15, 4*s + k = -4*z. What is the tens digit of z - 5/((-15)/258)?
8
Let d(u) = -u**3 + 81*u**2 + 466*u + 170. What is the hundreds digit of d(86)?
2
Let z = 5643 - -24345. What is the hundreds digit of z?
9
Let a = 24433 - -33616. What is the units digit of a?
9
What is the units digit of 20489 - (-14 + (-14 - -10))?
7
Let v(l) = 7 - 10*l**2 + 7*l - 7*l**2 + 13*l + 3*l + l**3 - 20. Let i = 12 + 4. What is the tens digit of v(i)?
9
Suppose 6*l = 12 + 30. Suppose l = 5*o - 8. Suppose 5*c + o = 88. What is the tens digit of c?
1
Let i = -70 + 92. Suppose 0 = c + 4*j - 15, 0 = -c - 5*j + i - 5. Suppose 2*z = 3*n + c*z - 150, 58 = n - z. What is the units digit of n?
5
Let k be 5/(10/358) + 1. Let g = 363 - k. What is the hundreds digit of g?
1
Suppose 0 = 7*z - 18 - 17. Suppose m - 187 = 2*k, -5*m + z*k + 814 = -116. What is the hundreds digit of m?
1
Let o = 7515 - 3308. What is the units digit of o?
7
Suppose -58 = -13*y - 6. Let s(a) = 46*a**2 + 11*a - 26. What is the tens digit of s(y)?
5
Suppose 119617 - 313461 = -28*b. What is the thousands digit of b?
6
Suppose 52595 + 29261 = 8*c. What is the units digit of c?
2
What is the hundreds digit of 19187298/270 - (-36)/(-540)?
0
Let y(w) = 2*w**3 + 7*w**2 - 4. Let z be y(-3). Suppose 5*g - z*n - 2220 = 0, -3*g + 5*n + 1520 = 190. What is the tens digit of g?
4
Let v(p) = 5*p. Let t(w) = -6*w - 1. Let g(u) = -4*t(u) - 5*v(u). Let a be g(-11). Suppose -a*h + 20*h = 95. What is the tens digit of h?
1
Let i be 4*((-26)/(-56) + 12/42). Suppose -j = s - 254, 0 = -6*j + 2*j - i*s + 1012. What is the tens digit of j?
5
Suppose -50 = -6*v + v. Let i = -3164 - -3324. Suppose -14*g = -v*g - i. What is the units digit of g?
0
Suppose -2*d = -11*m + 15*m + 728, m - d + 188 = 0. What is the tens digit of (-18)/(192/m + 1)?
1
Let m(f) = -7*f - 71. Let j be m(-11). Suppose j*b - 2399 = -683. What is the tens digit of b?
8
Let p(g) = -4*g + 66. Let n be p(16). Let z be 0/(-2) + 4 + -2. Suppose -z*r = n, -4*h + 5*r - 17 = -322. What is the units digit of h?
5
Suppose 5*m - 30 = -c, 2*c = -4*m - 0*m + 30. Suppose 6*z = c + 7. Suppose h = -r + 90, -3*r + z*h - h = -282. What is the tens digit of r?
9
Suppose 3*i - 4*j = j + 73, 5*i - j - 107 = 0. Let r be (20/8 + -4)*-12. Suppose -i*c = -r*c - 273. What is the tens digit of c?
9
Let p(j) = 16*j**2 - 4. Let n(g) = -g**2. Let x(v) = 2*n(v) + p(v). Suppose -5*q + 2*y = 5*y - 5, -2*q + y - 9 = 0. What is the units digit of x(q)?
2
Let z = 18816 + 22602. What is the ten thousands digit of z?
4
What is the units digit of (-74)/(-1813) - (-3507561)/147?
1
Let k be (-54)/10 + 12/(-150)*-5. Let v(p) = -246*p + 42. What is the tens digit of v(k)?
7
Let j = 10744 + -5693. What is the units digit of j?
1
Suppose -44*d - 14687 = -63*d. What is the tens digit of d?
7
Suppose 2*l - 23 = -17. Suppose -2*n = -2*i - 0*i + 160, -l*i + 4*n + 241 = 0. Let b = -3 + i. What is the tens digit of b?
7
Let u(x) = -112*x + 9. Let v be u(-3). Let t = v - 182. What is the hundreds digit of (4 + -1 + -2)*t?
1
Suppose 30*z = -5*d + 25*z + 8000, d - 1580 = 3*z. What is the tens digit of d?
9
Suppose 21*d = -4*d - 25. What is the tens digit of d + (-4)/((-16)/3020)?
5
Suppose 3*m = -k - 3968, 0 = -4*m - 3*k - 1876 - 3408. What is the hundreds digit of 3/(-4 + -8)*m?
3
Suppose 0 = 5*n + 2*n + 1589. Let v = n + 347. What is the hundreds digit of (v - -2)/(0 + 1)?
1
Let q = 173 - 170. Suppose 0 = 5*x + 5*j - 1930 - 2810, 1876 = 2*x - q*j. What is the hundreds digit of x?
9
Let n = 20848 + -7512. What is the tens digit of n?
3
Let h be (-4 + 1)*14/(-6). Let d be ((-20)/(-35))/(2/h). Suppose -3*w = -2*q - 136, -3*w - q + 156 = d*q. What is the units digit of w?
8
Suppose 0 = -250*i - 46*i + 1143448. What is the units digit of i?
3
Let f be 3909/(-6) - (-30)/12. What is the tens digit of (-587227)/f + (-2)/(-11)?
0
Let t = -87 + 80. Let u(d) = -d**2 - 7*d + 2. Let r be u(t). Suppose 0 = 2*s - 3*p - 330, s + r*p - 56 = 109. What is the hundreds digit of s?
1
Suppose -43*c = -50*c - 6524. Let t = 1660 + c. What is the units digit of t?
8
Let b(q) = -1145*q**3 + 59*q**2 - 17*q - 5. What is the ten thousands digit of b(-4)?
7
What is the hundreds digit of 2*1/(-2)*(-8832 - -415)?
4
Suppose -309*r = -240*r - 1295481 - 3384513. What is the hundreds digit of r?
8
Suppose -2*f = 4*s - 0*s - 20, -8 = -4*f. Suppose -4*t + a - 22 = -t, -32 = s*t - 2*a. What is the tens digit of t/(-12)*(1 + 45)?
2
Let a(z) = -40*z**3 + 2*z**2 - 2. Let b be a(-1). What is the tens digit of b/50 - (-27080)/25?
8
Let l be (-3 + 3)/1 + 0. Suppose -p + 6 + 93 = l. Let a = 170 - p. What is the tens digit of a?
7
Let s(b) = 6*b**2 + 14*b + 7. Let k = 803 - 813. What is the units digit of s(k)?
7
Let o(s) = 2*s**2 - 17*s + 19. Suppose 0 = -p - 5 + 7. Let r be p/(-8) + 392/32. What is the units digit of o(r)?
3
Let m be (0 - (-2)/4) + (-133)/(-38). Suppose m*r + 669 = 5*r. What is the tens digit of r/12 - 1/(-4)?
5
Let u(j) = j**3 + 8*j**2 - 5*j + 5. Let f be u(-8). Let c(g) = 3*g**2 + 5*g + 10. Let t be c(-4). Let h = f - t. What is the units digit of h?
7
Let q(o) = o**3 - 9*o**2 - 22*o - 3. Let p be q(11). Let b be (2/5)/((p/(-15))/1). Suppose 5*w - 303 = -3*y, -323 = -6*w + w + b*y. What is the tens digit of w?
6
Let f(v) = v**2 + 5*v + 49. Let i be f(-6). Suppose 2355 = 5*t - i. What is the hundreds digit of t?
4
Suppose 1004*b = 1007*b. Suppose b = -5*f + 1721 + 4979. What is the tens digit of f?
4
Let z be ((-2355)/3)/(-5) + (-4)/(-1). Suppose -6*r = -1699 - z. What is the hundreds digit of r?
3
Let w(c) = -c**3 - 21*c**2 - 20*c + 3. Let z be w(-20). Suppose -p + 126 - 31 = -